{"id":720,"date":"2014-08-14T06:49:35","date_gmt":"2014-08-14T06:49:35","guid":{"rendered":"https:\/\/gerd-kramer.com\/?page_id=720"},"modified":"2014-08-14T06:49:35","modified_gmt":"2014-08-14T06:49:35","slug":"die-stringtheorie","status":"publish","type":"page","link":"https:\/\/gerd-kramer.com\/wordpress\/die-stringtheorie\/","title":{"rendered":"Die Stringtheorie"},"content":{"rendered":"<p>Die Quanten- und die Relativit\u00e4tstheorie sind zwei gro\u00dfe Theorien, die zu den etablierten Werkzeugen der Wissenschaftler geh\u00f6ren. Sie sind vielfach best\u00e4tigt worden und haben sich als widerspruchsfrei erwiesen. Es gibt aber leider bisher keine Theorie, die beide vereinigt. Diese wird jedoch ben\u00f6tigt, um die extremen Verh\u00e4ltnisse zu beschreiben, die ganz am Anfang herrschten, weniger als 0,0000000000000000000000000000000000000000001 Sekunden nach dem Urknall. Die sogenannte Stringtheorie verspricht eine L\u00f6sung. Sie geht davon aus, dass es neben unseren 3 Raumdimensionen weitere 7 Dimensionen gibt, die f\u00fcr uns nicht sichtbar sind. Unsichtbare Raumdimensionen, wie kann man sich das vorstellen? Man versetze sich in die Lage eines Vogels, der auf einer W\u00e4scheleine sitzt. Er kann sich nach links oder nach rechts bewegen. Die &#8222;aufgerollte&#8220; Dimension um den Radius der Leine erkennt er nicht. Die viel kleineren Ameisen k\u00f6nnen sich jedoch auch in dieser Dimension bewegen. Die 7 zus\u00e4tzlichen Raumdimensionen der Stringtheorie kann der Mensch nicht sehen und auch mit den empfindlichsten Messger\u00e4ten nicht erfassen.<\/p>\n<div class=\"s0\"><b>Das versteckte Experiment &#8211; Im Netz der Hydra<\/b><\/div>\n<div class=\"s0\">\n<div class=\"s16\"><em><b>Themen, Stichworte:<br \/>\n<\/b><\/em>Zus\u00e4tzliche Raumdimensionen, M-Theorie, die Theorie f\u00fcr alles<a href=\"https:\/\/gerd-kramer.com\/wordpress\/wp-content\/uploads\/2014\/08\/starling-216086_1280-1.jpg\"><img loading=\"lazy\" class=\"alignnone size-medium wp-image-721\" src=\"https:\/\/gerd-kramer.com\/wordpress\/wp-content\/uploads\/2014\/08\/starling-216086_1280-1-300x201.jpg\" alt=\"starling-216086_1280\" width=\"300\" height=\"201\" srcset=\"https:\/\/gerd-kramer.com\/wordpress\/wp-content\/uploads\/2014\/08\/starling-216086_1280-1-300x201.jpg 300w, https:\/\/gerd-kramer.com\/wordpress\/wp-content\/uploads\/2014\/08\/starling-216086_1280-1-1024x686.jpg 1024w, https:\/\/gerd-kramer.com\/wordpress\/wp-content\/uploads\/2014\/08\/starling-216086_1280-1-768x515.jpg 768w, https:\/\/gerd-kramer.com\/wordpress\/wp-content\/uploads\/2014\/08\/starling-216086_1280-1.jpg 1280w\" sizes=\"(max-width: 300px) 100vw, 300px\" \/><\/a><\/p>\n<\/div>\n<div class=\"s16\">\n<div class=\"s16\">\n<figure id=\"attachment_724\" aria-describedby=\"caption-attachment-724\" style=\"width: 300px\" class=\"wp-caption alignnone\"><a href=\"https:\/\/gerd-kramer.com\/wordpress\/wp-content\/uploads\/2014\/08\/Klein_Dimension_Gerhard-Wellmann_pixelio.de_-1.jpg\"><img loading=\"lazy\" class=\"wp-image-724 size-medium\" src=\"https:\/\/gerd-kramer.com\/wordpress\/wp-content\/uploads\/2014\/08\/Klein_Dimension_Gerhard-Wellmann_pixelio.de_-1-300x225.jpg\" alt=\"Klein_Dimension_Gerhard-Wellmann_pixelio.de\" width=\"300\" height=\"225\" srcset=\"https:\/\/gerd-kramer.com\/wordpress\/wp-content\/uploads\/2014\/08\/Klein_Dimension_Gerhard-Wellmann_pixelio.de_-1-300x225.jpg 300w, https:\/\/gerd-kramer.com\/wordpress\/wp-content\/uploads\/2014\/08\/Klein_Dimension_Gerhard-Wellmann_pixelio.de_-1.jpg 490w\" sizes=\"(max-width: 300px) 100vw, 300px\" \/><\/a><figcaption id=\"caption-attachment-724\" class=\"wp-caption-text\">Bild: \u00a9 Gerhard-Wellmann\/Pixelio<\/figcaption><\/figure>\n<\/div>\n<\/div>\n<div class=\"s16\"><\/div>\n<\/div>\n","protected":false},"excerpt":{"rendered":"<p>Die Quanten- und die Relativit\u00e4tstheorie sind zwei gro\u00dfe Theorien, die zu den etablierten Werkzeugen der Wissenschaftler geh\u00f6ren. Sie sind vielfach best\u00e4tigt worden und haben sich als widerspruchsfrei erwiesen. Es gibt aber leider bisher keine Theorie, die beide vereinigt. Diese wird jedoch ben\u00f6tigt, um die extremen Verh\u00e4ltnisse zu beschreiben, die ganz am Anfang herrschten, weniger als &hellip; <a href=\"https:\/\/gerd-kramer.com\/wordpress\/die-stringtheorie\/\" class=\"more-link\"><span class=\"screen-reader-text\">Die Stringtheorie<\/span> weiterlesen <span class=\"meta-nav\">&rarr;<\/span><\/a><\/p>\n","protected":false},"author":1,"featured_media":0,"parent":0,"menu_order":0,"comment_status":"open","ping_status":"open","template":"","meta":{"ngg_post_thumbnail":0},"yoast_head":"<!-- This site is optimized with the Yoast SEO plugin v15.9.2 - https:\/\/yoast.com\/wordpress\/plugins\/seo\/ -->\n<meta name=\"robots\" content=\"index, follow, max-snippet:-1, max-image-preview:large, max-video-preview:-1\" \/>\n<link rel=\"canonical\" href=\"https:\/\/gerd-kramer.com\/wordpress\/die-stringtheorie\/\" \/>\n<meta property=\"og:locale\" content=\"de_DE\" \/>\n<meta property=\"og:type\" content=\"article\" \/>\n<meta property=\"og:title\" content=\"Die Stringtheorie - Gerd Kramer\" \/>\n<meta property=\"og:description\" content=\"Die Quanten- und die Relativit\u00e4tstheorie sind zwei gro\u00dfe Theorien, die zu den etablierten Werkzeugen der Wissenschaftler geh\u00f6ren. Sie sind vielfach best\u00e4tigt worden und haben sich als widerspruchsfrei erwiesen. Es gibt aber leider bisher keine Theorie, die beide vereinigt. Diese wird jedoch ben\u00f6tigt, um die extremen Verh\u00e4ltnisse zu beschreiben, die ganz am Anfang herrschten, weniger als &hellip; Die Stringtheorie weiterlesen &rarr;\" \/>\n<meta property=\"og:url\" content=\"https:\/\/gerd-kramer.com\/wordpress\/die-stringtheorie\/\" \/>\n<meta property=\"og:site_name\" content=\"Gerd Kramer\" \/>\n<meta property=\"og:image\" content=\"https:\/\/gerd-kramer.com\/wordpress\/wp-content\/uploads\/2014\/08\/starling-216086_1280-1-300x201.jpg\" \/>\n<meta name=\"twitter:card\" content=\"summary_large_image\" \/>\n<meta name=\"twitter:label1\" content=\"Gesch\u00e4tzte Lesezeit\">\n\t<meta name=\"twitter:data1\" content=\"1 Minute\">\n<script type=\"application\/ld+json\" class=\"yoast-schema-graph\">{\"@context\":\"https:\/\/schema.org\",\"@graph\":[{\"@type\":\"WebSite\",\"@id\":\"https:\/\/gerd-kramer.com\/wordpress\/#website\",\"url\":\"https:\/\/gerd-kramer.com\/wordpress\/\",\"name\":\"Gerd Kramer\",\"description\":\"Autor\",\"potentialAction\":[{\"@type\":\"SearchAction\",\"target\":\"https:\/\/gerd-kramer.com\/wordpress\/?s={search_term_string}\",\"query-input\":\"required name=search_term_string\"}],\"inLanguage\":\"de-DE\"},{\"@type\":\"ImageObject\",\"@id\":\"https:\/\/gerd-kramer.com\/wordpress\/die-stringtheorie\/#primaryimage\",\"inLanguage\":\"de-DE\",\"url\":\"https:\/\/gerd-kramer.com\/wordpress\/wp-content\/uploads\/2014\/08\/starling-216086_1280-1.jpg\",\"width\":1280,\"height\":858},{\"@type\":\"WebPage\",\"@id\":\"https:\/\/gerd-kramer.com\/wordpress\/die-stringtheorie\/#webpage\",\"url\":\"https:\/\/gerd-kramer.com\/wordpress\/die-stringtheorie\/\",\"name\":\"Die Stringtheorie - Gerd Kramer\",\"isPartOf\":{\"@id\":\"https:\/\/gerd-kramer.com\/wordpress\/#website\"},\"primaryImageOfPage\":{\"@id\":\"https:\/\/gerd-kramer.com\/wordpress\/die-stringtheorie\/#primaryimage\"},\"datePublished\":\"2014-08-14T06:49:35+00:00\",\"dateModified\":\"2014-08-14T06:49:35+00:00\",\"breadcrumb\":{\"@id\":\"https:\/\/gerd-kramer.com\/wordpress\/die-stringtheorie\/#breadcrumb\"},\"inLanguage\":\"de-DE\",\"potentialAction\":[{\"@type\":\"ReadAction\",\"target\":[\"https:\/\/gerd-kramer.com\/wordpress\/die-stringtheorie\/\"]}]},{\"@type\":\"BreadcrumbList\",\"@id\":\"https:\/\/gerd-kramer.com\/wordpress\/die-stringtheorie\/#breadcrumb\",\"itemListElement\":[{\"@type\":\"ListItem\",\"position\":1,\"item\":{\"@type\":\"WebPage\",\"@id\":\"https:\/\/gerd-kramer.com\/wordpress\/\",\"url\":\"https:\/\/gerd-kramer.com\/wordpress\/\",\"name\":\"Home\"}},{\"@type\":\"ListItem\",\"position\":2,\"item\":{\"@type\":\"WebPage\",\"@id\":\"https:\/\/gerd-kramer.com\/wordpress\/die-stringtheorie\/\",\"url\":\"https:\/\/gerd-kramer.com\/wordpress\/die-stringtheorie\/\",\"name\":\"Die Stringtheorie\"}}]}]}<\/script>\n<!-- \/ Yoast SEO plugin. -->","_links":{"self":[{"href":"https:\/\/gerd-kramer.com\/wordpress\/wp-json\/wp\/v2\/pages\/720"}],"collection":[{"href":"https:\/\/gerd-kramer.com\/wordpress\/wp-json\/wp\/v2\/pages"}],"about":[{"href":"https:\/\/gerd-kramer.com\/wordpress\/wp-json\/wp\/v2\/types\/page"}],"author":[{"embeddable":true,"href":"https:\/\/gerd-kramer.com\/wordpress\/wp-json\/wp\/v2\/users\/1"}],"replies":[{"embeddable":true,"href":"https:\/\/gerd-kramer.com\/wordpress\/wp-json\/wp\/v2\/comments?post=720"}],"version-history":[{"count":0,"href":"https:\/\/gerd-kramer.com\/wordpress\/wp-json\/wp\/v2\/pages\/720\/revisions"}],"wp:attachment":[{"href":"https:\/\/gerd-kramer.com\/wordpress\/wp-json\/wp\/v2\/media?parent=720"}],"curies":[{"name":"wp","href":"https:\/\/api.w.org\/{rel}","templated":true}]}}