{"id":2254,"date":"2022-05-29T06:14:00","date_gmt":"2022-05-29T06:14:00","guid":{"rendered":"https:\/\/gerd-kramer.com\/wordpress\/?page_id=2254"},"modified":"2022-09-05T11:50:56","modified_gmt":"2022-09-05T11:50:56","slug":"nordfriesische-verschwoerung","status":"publish","type":"page","link":"https:\/\/gerd-kramer.com\/wordpress\/nordfriesische-verschwoerung\/","title":{"rendered":"Nordfriesische Verschw\u00f6rung"},"content":{"rendered":"<p><img loading=\"lazy\" class=\"alignnone wp-image-2296\" src=\"https:\/\/gerd-kramer.com\/wordpress\/wp-content\/uploads\/2022\/09\/Bild_mit_Katze-225x300.jpg\" alt=\"\" width=\"498\" height=\"664\" srcset=\"https:\/\/gerd-kramer.com\/wordpress\/wp-content\/uploads\/2022\/09\/Bild_mit_Katze-225x300.jpg 225w, https:\/\/gerd-kramer.com\/wordpress\/wp-content\/uploads\/2022\/09\/Bild_mit_Katze-768x1024.jpg 768w, https:\/\/gerd-kramer.com\/wordpress\/wp-content\/uploads\/2022\/09\/Bild_mit_Katze-18x24.jpg 18w, https:\/\/gerd-kramer.com\/wordpress\/wp-content\/uploads\/2022\/09\/Bild_mit_Katze-27x36.jpg 27w, https:\/\/gerd-kramer.com\/wordpress\/wp-content\/uploads\/2022\/09\/Bild_mit_Katze-36x48.jpg 36w, https:\/\/gerd-kramer.com\/wordpress\/wp-content\/uploads\/2022\/09\/Bild_mit_Katze.jpg 960w\" sizes=\"(max-width: 498px) 100vw, 498px\" \/><\/p>\n<p>Das Bild wurde von der Leserin &#8222;Lesezeichenfee&#8220; zur Verf\u00fcgung gestellt.<\/p>\n<p>&nbsp;<\/p>\n<p><img loading=\"lazy\" class=\"alignnone wp-image-2255\" src=\"https:\/\/gerd-kramer.com\/wordpress\/wp-content\/uploads\/2022\/05\/978-3-7408-1614-8_3D_png-300x290.png\" alt=\"\" width=\"399\" height=\"386\" srcset=\"https:\/\/gerd-kramer.com\/wordpress\/wp-content\/uploads\/2022\/05\/978-3-7408-1614-8_3D_png-300x290.png 300w, https:\/\/gerd-kramer.com\/wordpress\/wp-content\/uploads\/2022\/05\/978-3-7408-1614-8_3D_png-1024x989.png 1024w, https:\/\/gerd-kramer.com\/wordpress\/wp-content\/uploads\/2022\/05\/978-3-7408-1614-8_3D_png-768x741.png 768w, https:\/\/gerd-kramer.com\/wordpress\/wp-content\/uploads\/2022\/05\/978-3-7408-1614-8_3D_png-1536x1483.png 1536w, https:\/\/gerd-kramer.com\/wordpress\/wp-content\/uploads\/2022\/05\/978-3-7408-1614-8_3D_png-2048x1977.png 2048w, https:\/\/gerd-kramer.com\/wordpress\/wp-content\/uploads\/2022\/05\/978-3-7408-1614-8_3D_png-24x24.png 24w, https:\/\/gerd-kramer.com\/wordpress\/wp-content\/uploads\/2022\/05\/978-3-7408-1614-8_3D_png-36x36.png 36w, https:\/\/gerd-kramer.com\/wordpress\/wp-content\/uploads\/2022\/05\/978-3-7408-1614-8_3D_png-48x46.png 48w\" sizes=\"(max-width: 399px) 100vw, 399px\" \/><\/p>\n<p><strong>Knisternde Spannung trifft auf nordfriesischen Humor.<br \/>\n<\/strong> Nordfriesland wird von einer Serie von Mordanschl\u00e4gen ersch\u00fcttert. Die Spur f\u00fchrt die Kommissare Flottmann und Hilgersen in die Welt der Verschw\u00f6rungsgl\u00e4ubigen. Doch schon bald wird klar, dass hinter den Geschehnissen viel mehr steckt. Sind die Beteiligten Opfer und T\u00e4ter zugleich? Welche Rolle spielt der Anschlag auf eine Segeljacht vor fast drei\u00dfig Jahren, bei dem eine junge Frau ums Leben kam? Der hochsensible Musiker Leon Gerber kann wertvolle Hinweise liefern, die pl\u00f6tzlich alles in neuem Licht erscheinen lassen.<\/p>\n","protected":false},"excerpt":{"rendered":"<p>Das Bild wurde von der Leserin &#8222;Lesezeichenfee&#8220; zur Verf\u00fcgung gestellt. &nbsp; Knisternde Spannung trifft auf nordfriesischen Humor. Nordfriesland wird von einer Serie von Mordanschl\u00e4gen ersch\u00fcttert. Die Spur f\u00fchrt die Kommissare Flottmann und Hilgersen in die Welt der Verschw\u00f6rungsgl\u00e4ubigen. Doch schon bald wird klar, dass hinter den Geschehnissen viel mehr steckt. Sind die Beteiligten Opfer und &hellip; <a href=\"https:\/\/gerd-kramer.com\/wordpress\/nordfriesische-verschwoerung\/\" class=\"more-link\"><span class=\"screen-reader-text\">Nordfriesische Verschw\u00f6rung<\/span> weiterlesen <span class=\"meta-nav\">&rarr;<\/span><\/a><\/p>\n","protected":false},"author":1,"featured_media":0,"parent":0,"menu_order":0,"comment_status":"closed","ping_status":"closed","template":"","meta":{"ngg_post_thumbnail":0},"yoast_head":"<!-- This site is optimized with the Yoast SEO plugin v15.9.2 - https:\/\/yoast.com\/wordpress\/plugins\/seo\/ -->\n<meta name=\"robots\" content=\"index, follow, max-snippet:-1, max-image-preview:large, max-video-preview:-1\" \/>\n<link rel=\"canonical\" href=\"https:\/\/gerd-kramer.com\/wordpress\/nordfriesische-verschwoerung\/\" \/>\n<meta property=\"og:locale\" content=\"de_DE\" \/>\n<meta property=\"og:type\" content=\"article\" \/>\n<meta property=\"og:title\" content=\"Nordfriesische Verschw\u00f6rung - Gerd Kramer\" \/>\n<meta property=\"og:description\" content=\"Das Bild wurde von der Leserin &#8222;Lesezeichenfee&#8220; zur Verf\u00fcgung gestellt. &nbsp; Knisternde Spannung trifft auf nordfriesischen Humor. Nordfriesland wird von einer Serie von Mordanschl\u00e4gen ersch\u00fcttert. Die Spur f\u00fchrt die Kommissare Flottmann und Hilgersen in die Welt der Verschw\u00f6rungsgl\u00e4ubigen. Doch schon bald wird klar, dass hinter den Geschehnissen viel mehr steckt. Sind die Beteiligten Opfer und &hellip; Nordfriesische Verschw\u00f6rung weiterlesen &rarr;\" \/>\n<meta property=\"og:url\" content=\"https:\/\/gerd-kramer.com\/wordpress\/nordfriesische-verschwoerung\/\" \/>\n<meta property=\"og:site_name\" content=\"Gerd Kramer\" \/>\n<meta property=\"article:modified_time\" content=\"2022-09-05T11:50:56+00:00\" \/>\n<meta property=\"og:image\" content=\"https:\/\/gerd-kramer.com\/wordpress\/wp-content\/uploads\/2022\/09\/Bild_mit_Katze-225x300.jpg\" \/>\n<meta name=\"twitter:card\" content=\"summary_large_image\" \/>\n<meta name=\"twitter:label1\" content=\"Gesch\u00e4tzte Lesezeit\">\n\t<meta name=\"twitter:data1\" content=\"1 Minute\">\n<script type=\"application\/ld+json\" class=\"yoast-schema-graph\">{\"@context\":\"https:\/\/schema.org\",\"@graph\":[{\"@type\":\"WebSite\",\"@id\":\"https:\/\/gerd-kramer.com\/wordpress\/#website\",\"url\":\"https:\/\/gerd-kramer.com\/wordpress\/\",\"name\":\"Gerd Kramer\",\"description\":\"Autor\",\"potentialAction\":[{\"@type\":\"SearchAction\",\"target\":\"https:\/\/gerd-kramer.com\/wordpress\/?s={search_term_string}\",\"query-input\":\"required name=search_term_string\"}],\"inLanguage\":\"de-DE\"},{\"@type\":\"ImageObject\",\"@id\":\"https:\/\/gerd-kramer.com\/wordpress\/nordfriesische-verschwoerung\/#primaryimage\",\"inLanguage\":\"de-DE\",\"url\":\"https:\/\/gerd-kramer.com\/wordpress\/wp-content\/uploads\/2022\/09\/Bild_mit_Katze.jpg\",\"width\":960,\"height\":1280},{\"@type\":\"WebPage\",\"@id\":\"https:\/\/gerd-kramer.com\/wordpress\/nordfriesische-verschwoerung\/#webpage\",\"url\":\"https:\/\/gerd-kramer.com\/wordpress\/nordfriesische-verschwoerung\/\",\"name\":\"Nordfriesische Verschw\\u00f6rung - Gerd Kramer\",\"isPartOf\":{\"@id\":\"https:\/\/gerd-kramer.com\/wordpress\/#website\"},\"primaryImageOfPage\":{\"@id\":\"https:\/\/gerd-kramer.com\/wordpress\/nordfriesische-verschwoerung\/#primaryimage\"},\"datePublished\":\"2022-05-29T06:14:00+00:00\",\"dateModified\":\"2022-09-05T11:50:56+00:00\",\"breadcrumb\":{\"@id\":\"https:\/\/gerd-kramer.com\/wordpress\/nordfriesische-verschwoerung\/#breadcrumb\"},\"inLanguage\":\"de-DE\",\"potentialAction\":[{\"@type\":\"ReadAction\",\"target\":[\"https:\/\/gerd-kramer.com\/wordpress\/nordfriesische-verschwoerung\/\"]}]},{\"@type\":\"BreadcrumbList\",\"@id\":\"https:\/\/gerd-kramer.com\/wordpress\/nordfriesische-verschwoerung\/#breadcrumb\",\"itemListElement\":[{\"@type\":\"ListItem\",\"position\":1,\"item\":{\"@type\":\"WebPage\",\"@id\":\"https:\/\/gerd-kramer.com\/wordpress\/\",\"url\":\"https:\/\/gerd-kramer.com\/wordpress\/\",\"name\":\"Home\"}},{\"@type\":\"ListItem\",\"position\":2,\"item\":{\"@type\":\"WebPage\",\"@id\":\"https:\/\/gerd-kramer.com\/wordpress\/nordfriesische-verschwoerung\/\",\"url\":\"https:\/\/gerd-kramer.com\/wordpress\/nordfriesische-verschwoerung\/\",\"name\":\"Nordfriesische Verschw\\u00f6rung\"}}]}]}<\/script>\n<!-- \/ Yoast SEO plugin. -->","_links":{"self":[{"href":"https:\/\/gerd-kramer.com\/wordpress\/wp-json\/wp\/v2\/pages\/2254"}],"collection":[{"href":"https:\/\/gerd-kramer.com\/wordpress\/wp-json\/wp\/v2\/pages"}],"about":[{"href":"https:\/\/gerd-kramer.com\/wordpress\/wp-json\/wp\/v2\/types\/page"}],"author":[{"embeddable":true,"href":"https:\/\/gerd-kramer.com\/wordpress\/wp-json\/wp\/v2\/users\/1"}],"replies":[{"embeddable":true,"href":"https:\/\/gerd-kramer.com\/wordpress\/wp-json\/wp\/v2\/comments?post=2254"}],"version-history":[{"count":8,"href":"https:\/\/gerd-kramer.com\/wordpress\/wp-json\/wp\/v2\/pages\/2254\/revisions"}],"predecessor-version":[{"id":2299,"href":"https:\/\/gerd-kramer.com\/wordpress\/wp-json\/wp\/v2\/pages\/2254\/revisions\/2299"}],"wp:attachment":[{"href":"https:\/\/gerd-kramer.com\/wordpress\/wp-json\/wp\/v2\/media?parent=2254"}],"curies":[{"name":"wp","href":"https:\/\/api.w.org\/{rel}","templated":true}]}}