{"id":1665,"date":"2019-04-30T15:08:46","date_gmt":"2019-04-30T13:08:46","guid":{"rendered":"https:\/\/gerd-kramer.com\/?page_id=1665"},"modified":"2019-04-30T15:08:46","modified_gmt":"2019-04-30T13:08:46","slug":"tod-an-der-seebrueck","status":"publish","type":"page","link":"https:\/\/gerd-kramer.com\/wordpress\/tod-an-der-seebrueck\/","title":{"rendered":"Tod an der Seebr\u00fccke"},"content":{"rendered":"<figure id=\"attachment_1647\" aria-describedby=\"caption-attachment-1647\" style=\"width: 300px\" class=\"wp-caption alignnone\"><img loading=\"lazy\" class=\"size-medium wp-image-1647\" src=\"https:\/\/gerd-kramer.com\/wordpress\/wp-content\/uploads\/2014\/09\/cid_B9DE2FE5-405C-4AB8-BCF0-A739D816ACBC@Emons-1-300x290.jpg\" alt=\"Autor: Gerd Kramer Titel: Tod an der Seebr\u00fccke Reihe: K\u00fcsten Krimi, Region: Schleswig-Holstein ET: Juli 2019 ISBN 978-3-7408-0650-7, (i4)_(0650-7) ebook: 978-3-96041-537-4, (e2)_(537-4)\" width=\"300\" height=\"290\" \/><figcaption id=\"caption-attachment-1647\" class=\"wp-caption-text\">Autor: Gerd Kramer<br \/>Titel: Tod an der Seebr\u00fccke<br \/>Reihe: K\u00fcsten Krimi, Region: Schleswig-Holstein<br \/>ET: Juli 2019<br \/>ISBN 978-3-7408-0650-7, (i4)_(0650-7)<br \/>ebook: 978-3-96041-537-4, (e2)_(537-4)<\/figcaption><\/figure>\n<p>&nbsp;<\/p>\n<p>Ein Musiker mit absolutem Geh\u00f6r und ein rheinl\u00e4ndischer Kommissar ermitteln in Nordfriesland.<\/p>\n<p>Ein menschlicher Knochen in einer Skulptur aus Strandgut sowie ein Mord ohne Leiche, aufgenommen von einer \u00dcberwachungskamera. Zwei mysteri\u00f6se F\u00e4lle besch\u00e4ftigen die Husumer Kommissare Flottmann und Hilgersen. Nichts ist so, wie es scheint, und die Ermittlungen stecken bald in einer Sackgasse. Kann der hochsensible Musiker Leon Gerber helfen, den Knoten zu l\u00f6sen?<\/p>\n<p>&nbsp;<\/p>\n<p><img loading=\"lazy\" class=\"alignnone size-medium wp-image-1675\" src=\"https:\/\/gerd-kramer.com\/wordpress\/wp-content\/uploads\/2019\/04\/67301294_2399724263618272_20738528761610240_n-300x225.jpg\" alt=\"67301294_2399724263618272_20738528761610240_n\" width=\"300\" height=\"225\" srcset=\"https:\/\/gerd-kramer.com\/wordpress\/wp-content\/uploads\/2019\/04\/67301294_2399724263618272_20738528761610240_n-300x225.jpg 300w, https:\/\/gerd-kramer.com\/wordpress\/wp-content\/uploads\/2019\/04\/67301294_2399724263618272_20738528761610240_n.jpg 640w\" sizes=\"(max-width: 300px) 100vw, 300px\" \/><\/p>\n<p>Das Cover-Bild und dieses Foto stammen von Jan Kr\u00fctzfeldt.<\/p>\n","protected":false},"excerpt":{"rendered":"<p>&nbsp; Ein Musiker mit absolutem Geh\u00f6r und ein rheinl\u00e4ndischer Kommissar ermitteln in Nordfriesland. Ein menschlicher Knochen in einer Skulptur aus Strandgut sowie ein Mord ohne Leiche, aufgenommen von einer \u00dcberwachungskamera. Zwei mysteri\u00f6se F\u00e4lle besch\u00e4ftigen die Husumer Kommissare Flottmann und Hilgersen. Nichts ist so, wie es scheint, und die Ermittlungen stecken bald in einer Sackgasse. Kann &hellip; <a href=\"https:\/\/gerd-kramer.com\/wordpress\/tod-an-der-seebrueck\/\" class=\"more-link\"><span class=\"screen-reader-text\">Tod an der Seebr\u00fccke<\/span> weiterlesen <span class=\"meta-nav\">&rarr;<\/span><\/a><\/p>\n","protected":false},"author":1,"featured_media":0,"parent":0,"menu_order":0,"comment_status":"closed","ping_status":"closed","template":"","meta":{"ngg_post_thumbnail":0},"yoast_head":"<!-- This site is optimized with the Yoast SEO plugin v15.9.2 - https:\/\/yoast.com\/wordpress\/plugins\/seo\/ -->\n<meta name=\"robots\" content=\"index, follow, max-snippet:-1, max-image-preview:large, max-video-preview:-1\" \/>\n<link rel=\"canonical\" href=\"https:\/\/gerd-kramer.com\/wordpress\/tod-an-der-seebrueck\/\" \/>\n<meta property=\"og:locale\" content=\"de_DE\" \/>\n<meta property=\"og:type\" content=\"article\" \/>\n<meta property=\"og:title\" content=\"Tod an der Seebr\u00fccke - Gerd Kramer\" \/>\n<meta property=\"og:description\" content=\"&nbsp; Ein Musiker mit absolutem Geh\u00f6r und ein rheinl\u00e4ndischer Kommissar ermitteln in Nordfriesland. Ein menschlicher Knochen in einer Skulptur aus Strandgut sowie ein Mord ohne Leiche, aufgenommen von einer \u00dcberwachungskamera. Zwei mysteri\u00f6se F\u00e4lle besch\u00e4ftigen die Husumer Kommissare Flottmann und Hilgersen. Nichts ist so, wie es scheint, und die Ermittlungen stecken bald in einer Sackgasse. Kann &hellip; Tod an der Seebr\u00fccke weiterlesen &rarr;\" \/>\n<meta property=\"og:url\" content=\"https:\/\/gerd-kramer.com\/wordpress\/tod-an-der-seebrueck\/\" \/>\n<meta property=\"og:site_name\" content=\"Gerd Kramer\" \/>\n<meta property=\"og:image\" content=\"https:\/\/gerd-kramer.com\/wordpress\/wp-content\/uploads\/2014\/09\/cid_B9DE2FE5-405C-4AB8-BCF0-A739D816ACBC@Emons-1-300x290.jpg\" \/>\n<meta name=\"twitter:card\" content=\"summary_large_image\" \/>\n<meta name=\"twitter:label1\" content=\"Gesch\u00e4tzte Lesezeit\">\n\t<meta name=\"twitter:data1\" content=\"1 Minute\">\n<script type=\"application\/ld+json\" class=\"yoast-schema-graph\">{\"@context\":\"https:\/\/schema.org\",\"@graph\":[{\"@type\":\"WebSite\",\"@id\":\"https:\/\/gerd-kramer.com\/wordpress\/#website\",\"url\":\"https:\/\/gerd-kramer.com\/wordpress\/\",\"name\":\"Gerd Kramer\",\"description\":\"Autor\",\"potentialAction\":[{\"@type\":\"SearchAction\",\"target\":\"https:\/\/gerd-kramer.com\/wordpress\/?s={search_term_string}\",\"query-input\":\"required name=search_term_string\"}],\"inLanguage\":\"de-DE\"},{\"@type\":\"ImageObject\",\"@id\":\"https:\/\/gerd-kramer.com\/wordpress\/tod-an-der-seebrueck\/#primaryimage\",\"inLanguage\":\"de-DE\",\"url\":\"https:\/\/gerd-kramer.com\/wordpress\/wp-content\/uploads\/2014\/09\/cid_B9DE2FE5-405C-4AB8-BCF0-A739D816ACBC@Emons-1.jpg\",\"width\":2055,\"height\":1984,\"caption\":\"Autor: Gerd Kramer Titel: Tod an der Seebr\\u00fccke Reihe: K\\u00fcsten Krimi, Region: Schleswig-Holstein ET: Juli 2019 ISBN 978-3-7408-0650-7, (i4)_(0650-7) ebook: 978-3-96041-537-4, (e2)_(537-4)\"},{\"@type\":\"WebPage\",\"@id\":\"https:\/\/gerd-kramer.com\/wordpress\/tod-an-der-seebrueck\/#webpage\",\"url\":\"https:\/\/gerd-kramer.com\/wordpress\/tod-an-der-seebrueck\/\",\"name\":\"Tod an der Seebr\\u00fccke - Gerd Kramer\",\"isPartOf\":{\"@id\":\"https:\/\/gerd-kramer.com\/wordpress\/#website\"},\"primaryImageOfPage\":{\"@id\":\"https:\/\/gerd-kramer.com\/wordpress\/tod-an-der-seebrueck\/#primaryimage\"},\"datePublished\":\"2019-04-30T13:08:46+00:00\",\"dateModified\":\"2019-04-30T13:08:46+00:00\",\"breadcrumb\":{\"@id\":\"https:\/\/gerd-kramer.com\/wordpress\/tod-an-der-seebrueck\/#breadcrumb\"},\"inLanguage\":\"de-DE\",\"potentialAction\":[{\"@type\":\"ReadAction\",\"target\":[\"https:\/\/gerd-kramer.com\/wordpress\/tod-an-der-seebrueck\/\"]}]},{\"@type\":\"BreadcrumbList\",\"@id\":\"https:\/\/gerd-kramer.com\/wordpress\/tod-an-der-seebrueck\/#breadcrumb\",\"itemListElement\":[{\"@type\":\"ListItem\",\"position\":1,\"item\":{\"@type\":\"WebPage\",\"@id\":\"https:\/\/gerd-kramer.com\/wordpress\/\",\"url\":\"https:\/\/gerd-kramer.com\/wordpress\/\",\"name\":\"Home\"}},{\"@type\":\"ListItem\",\"position\":2,\"item\":{\"@type\":\"WebPage\",\"@id\":\"https:\/\/gerd-kramer.com\/wordpress\/tod-an-der-seebrueck\/\",\"url\":\"https:\/\/gerd-kramer.com\/wordpress\/tod-an-der-seebrueck\/\",\"name\":\"Tod an der Seebr\\u00fccke\"}}]}]}<\/script>\n<!-- \/ Yoast SEO plugin. -->","_links":{"self":[{"href":"https:\/\/gerd-kramer.com\/wordpress\/wp-json\/wp\/v2\/pages\/1665"}],"collection":[{"href":"https:\/\/gerd-kramer.com\/wordpress\/wp-json\/wp\/v2\/pages"}],"about":[{"href":"https:\/\/gerd-kramer.com\/wordpress\/wp-json\/wp\/v2\/types\/page"}],"author":[{"embeddable":true,"href":"https:\/\/gerd-kramer.com\/wordpress\/wp-json\/wp\/v2\/users\/1"}],"replies":[{"embeddable":true,"href":"https:\/\/gerd-kramer.com\/wordpress\/wp-json\/wp\/v2\/comments?post=1665"}],"version-history":[{"count":0,"href":"https:\/\/gerd-kramer.com\/wordpress\/wp-json\/wp\/v2\/pages\/1665\/revisions"}],"wp:attachment":[{"href":"https:\/\/gerd-kramer.com\/wordpress\/wp-json\/wp\/v2\/media?parent=1665"}],"curies":[{"name":"wp","href":"https:\/\/api.w.org\/{rel}","templated":true}]}}