{"id":1593,"date":"2018-06-22T11:47:02","date_gmt":"2018-06-22T09:47:02","guid":{"rendered":"https:\/\/gerd-kramer.com\/?page_id=1593"},"modified":"2018-06-22T11:47:02","modified_gmt":"2018-06-22T09:47:02","slug":"tidetod-3","status":"publish","type":"page","link":"https:\/\/gerd-kramer.com\/wordpress\/tidetod-3\/","title":{"rendered":"TIDETOD"},"content":{"rendered":"<p style=\"text-align: left;\"><img loading=\"lazy\" class=\"wp-image-1598 size-medium\" src=\"https:\/\/gerd-kramer.com\/wordpress\/wp-content\/uploads\/2018\/06\/978-3-7408-0406-0_3D_jpg-300x290.jpg\" width=\"300\" height=\"290\" srcset=\"https:\/\/gerd-kramer.com\/wordpress\/wp-content\/uploads\/2018\/06\/978-3-7408-0406-0_3D_jpg-300x290.jpg 300w, https:\/\/gerd-kramer.com\/wordpress\/wp-content\/uploads\/2018\/06\/978-3-7408-0406-0_3D_jpg-1024x989.jpg 1024w, https:\/\/gerd-kramer.com\/wordpress\/wp-content\/uploads\/2018\/06\/978-3-7408-0406-0_3D_jpg-768x741.jpg 768w, https:\/\/gerd-kramer.com\/wordpress\/wp-content\/uploads\/2018\/06\/978-3-7408-0406-0_3D_jpg-1536x1483.jpg 1536w, https:\/\/gerd-kramer.com\/wordpress\/wp-content\/uploads\/2018\/06\/978-3-7408-0406-0_3D_jpg-2048x1977.jpg 2048w\" sizes=\"(max-width: 300px) 100vw, 300px\" \/><\/p>\n<div class=\"mceTemp\">\n<p>Reihe: K\u00fcsten Krimi, Region: Schleswig-Holstein: Husum, Nordfriesland, Nordstrand ET: August 2018 ISBN 978-3-7408-0406-0 ebook: 978-3-96041-396-7<\/p>\n<p>Ein hochsensibler Musiker und ein rheinl\u00e4ndischer Kommissar ermitteln an der K\u00fcste. und treffen auf einen T\u00e4ter, der t\u00f6dliche Fallen stellt.<\/p>\n<p>Ein Serienm\u00f6rder entf\u00fchrt seine Opfer, um ein perfides Spiel zu spielen: Nur durch mutiges und kluges Handeln k\u00f6nnen sie dem Tod entkommen. Die Husumer Kommissare Flottmann und Hilgersen stehen vor einem R\u00e4tsel. Was ist das Motiv des T\u00e4ters, und wie l\u00e4sst sich der Wahnsinn stoppen? Kann Musiker Leon Gerber mit seinem hochsensiblen Geh\u00f6r auch in diesem Fall wertvolle Hinweise liefern? Ein Wettlauf gegen die Zeit beginnt.<\/p>\n<p>&nbsp;<\/p>\n<\/div>\n","protected":false},"excerpt":{"rendered":"<p>Reihe: K\u00fcsten Krimi, Region: Schleswig-Holstein: Husum, Nordfriesland, Nordstrand ET: August 2018 ISBN 978-3-7408-0406-0 ebook: 978-3-96041-396-7 Ein hochsensibler Musiker und ein rheinl\u00e4ndischer Kommissar ermitteln an der K\u00fcste. und treffen auf einen T\u00e4ter, der t\u00f6dliche Fallen stellt. Ein Serienm\u00f6rder entf\u00fchrt seine Opfer, um ein perfides Spiel zu spielen: Nur durch mutiges und kluges Handeln k\u00f6nnen sie dem &hellip; <a href=\"https:\/\/gerd-kramer.com\/wordpress\/tidetod-3\/\" class=\"more-link\"><span class=\"screen-reader-text\">TIDETOD<\/span> weiterlesen <span class=\"meta-nav\">&rarr;<\/span><\/a><\/p>\n","protected":false},"author":1,"featured_media":0,"parent":0,"menu_order":0,"comment_status":"closed","ping_status":"closed","template":"","meta":{"ngg_post_thumbnail":0},"yoast_head":"<!-- This site is optimized with the Yoast SEO plugin v15.9.2 - https:\/\/yoast.com\/wordpress\/plugins\/seo\/ -->\n<meta name=\"robots\" content=\"index, follow, max-snippet:-1, max-image-preview:large, max-video-preview:-1\" \/>\n<link rel=\"canonical\" href=\"https:\/\/gerd-kramer.com\/wordpress\/tidetod-3\/\" \/>\n<meta property=\"og:locale\" content=\"de_DE\" \/>\n<meta property=\"og:type\" content=\"article\" \/>\n<meta property=\"og:title\" content=\"TIDETOD - Gerd Kramer\" \/>\n<meta property=\"og:description\" content=\"Reihe: K\u00fcsten Krimi, Region: Schleswig-Holstein: Husum, Nordfriesland, Nordstrand ET: August 2018 ISBN 978-3-7408-0406-0 ebook: 978-3-96041-396-7 Ein hochsensibler Musiker und ein rheinl\u00e4ndischer Kommissar ermitteln an der K\u00fcste. und treffen auf einen T\u00e4ter, der t\u00f6dliche Fallen stellt. Ein Serienm\u00f6rder entf\u00fchrt seine Opfer, um ein perfides Spiel zu spielen: Nur durch mutiges und kluges Handeln k\u00f6nnen sie dem &hellip; TIDETOD weiterlesen &rarr;\" \/>\n<meta property=\"og:url\" content=\"https:\/\/gerd-kramer.com\/wordpress\/tidetod-3\/\" \/>\n<meta property=\"og:site_name\" content=\"Gerd Kramer\" \/>\n<meta property=\"og:image\" content=\"https:\/\/gerd-kramer.com\/wordpress\/wp-content\/uploads\/2018\/06\/978-3-7408-0406-0_3D_jpg-300x290.jpg\" \/>\n<meta name=\"twitter:card\" content=\"summary_large_image\" \/>\n<meta name=\"twitter:label1\" content=\"Gesch\u00e4tzte Lesezeit\">\n\t<meta name=\"twitter:data1\" content=\"1 Minute\">\n<script type=\"application\/ld+json\" class=\"yoast-schema-graph\">{\"@context\":\"https:\/\/schema.org\",\"@graph\":[{\"@type\":\"WebSite\",\"@id\":\"https:\/\/gerd-kramer.com\/wordpress\/#website\",\"url\":\"https:\/\/gerd-kramer.com\/wordpress\/\",\"name\":\"Gerd Kramer\",\"description\":\"Autor\",\"potentialAction\":[{\"@type\":\"SearchAction\",\"target\":\"https:\/\/gerd-kramer.com\/wordpress\/?s={search_term_string}\",\"query-input\":\"required name=search_term_string\"}],\"inLanguage\":\"de-DE\"},{\"@type\":\"ImageObject\",\"@id\":\"https:\/\/gerd-kramer.com\/wordpress\/tidetod-3\/#primaryimage\",\"inLanguage\":\"de-DE\",\"url\":\"https:\/\/gerd-kramer.com\/wordpress\/wp-content\/uploads\/2018\/06\/978-3-7408-0406-0_3D_jpg.jpg\",\"width\":2055,\"height\":1984,\"caption\":\"Reihe: K\\u00fcsten Krimi, Region: Schleswig-Holstein: Husum, Nordfriesland, Nordstrand ET: August 2018 ISBN 978-3-7408-0406-0 ebook: 978-3-96041-396-7\"},{\"@type\":\"WebPage\",\"@id\":\"https:\/\/gerd-kramer.com\/wordpress\/tidetod-3\/#webpage\",\"url\":\"https:\/\/gerd-kramer.com\/wordpress\/tidetod-3\/\",\"name\":\"TIDETOD - Gerd Kramer\",\"isPartOf\":{\"@id\":\"https:\/\/gerd-kramer.com\/wordpress\/#website\"},\"primaryImageOfPage\":{\"@id\":\"https:\/\/gerd-kramer.com\/wordpress\/tidetod-3\/#primaryimage\"},\"datePublished\":\"2018-06-22T09:47:02+00:00\",\"dateModified\":\"2018-06-22T09:47:02+00:00\",\"breadcrumb\":{\"@id\":\"https:\/\/gerd-kramer.com\/wordpress\/tidetod-3\/#breadcrumb\"},\"inLanguage\":\"de-DE\",\"potentialAction\":[{\"@type\":\"ReadAction\",\"target\":[\"https:\/\/gerd-kramer.com\/wordpress\/tidetod-3\/\"]}]},{\"@type\":\"BreadcrumbList\",\"@id\":\"https:\/\/gerd-kramer.com\/wordpress\/tidetod-3\/#breadcrumb\",\"itemListElement\":[{\"@type\":\"ListItem\",\"position\":1,\"item\":{\"@type\":\"WebPage\",\"@id\":\"https:\/\/gerd-kramer.com\/wordpress\/\",\"url\":\"https:\/\/gerd-kramer.com\/wordpress\/\",\"name\":\"Home\"}},{\"@type\":\"ListItem\",\"position\":2,\"item\":{\"@type\":\"WebPage\",\"@id\":\"https:\/\/gerd-kramer.com\/wordpress\/tidetod-3\/\",\"url\":\"https:\/\/gerd-kramer.com\/wordpress\/tidetod-3\/\",\"name\":\"TIDETOD\"}}]}]}<\/script>\n<!-- \/ Yoast SEO plugin. -->","_links":{"self":[{"href":"https:\/\/gerd-kramer.com\/wordpress\/wp-json\/wp\/v2\/pages\/1593"}],"collection":[{"href":"https:\/\/gerd-kramer.com\/wordpress\/wp-json\/wp\/v2\/pages"}],"about":[{"href":"https:\/\/gerd-kramer.com\/wordpress\/wp-json\/wp\/v2\/types\/page"}],"author":[{"embeddable":true,"href":"https:\/\/gerd-kramer.com\/wordpress\/wp-json\/wp\/v2\/users\/1"}],"replies":[{"embeddable":true,"href":"https:\/\/gerd-kramer.com\/wordpress\/wp-json\/wp\/v2\/comments?post=1593"}],"version-history":[{"count":0,"href":"https:\/\/gerd-kramer.com\/wordpress\/wp-json\/wp\/v2\/pages\/1593\/revisions"}],"wp:attachment":[{"href":"https:\/\/gerd-kramer.com\/wordpress\/wp-json\/wp\/v2\/media?parent=1593"}],"curies":[{"name":"wp","href":"https:\/\/api.w.org\/{rel}","templated":true}]}}