{"id":1566,"date":"2017-08-30T11:14:21","date_gmt":"2017-08-30T09:14:21","guid":{"rendered":"https:\/\/gerd-kramer.com\/?page_id=1566"},"modified":"2020-11-26T13:43:46","modified_gmt":"2020-11-26T13:43:46","slug":"wenn-der-schmetterling-mit-den-fluegeln-schlaegt","status":"publish","type":"page","link":"https:\/\/gerd-kramer.com\/wordpress\/wenn-der-schmetterling-mit-den-fluegeln-schlaegt\/","title":{"rendered":"Wenn der Schmetterling mit den Fl\u00fcgeln schl\u00e4gt"},"content":{"rendered":"<p style=\"text-align: left;\"><img loading=\"lazy\" class=\"size-medium wp-image-1551 alignleft\" src=\"https:\/\/gerd-kramer.com\/wordpress\/wp-content\/uploads\/2014\/08\/CoverSchmetterlingKlein-188x300.jpg\" alt=\"CoverSchmetterlingKlein\" width=\"188\" height=\"300\" srcset=\"https:\/\/gerd-kramer.com\/wordpress\/wp-content\/uploads\/2014\/08\/CoverSchmetterlingKlein-188x300.jpg 188w, https:\/\/gerd-kramer.com\/wordpress\/wp-content\/uploads\/2014\/08\/CoverSchmetterlingKlein.jpg 314w\" sizes=\"(max-width: 188px) 100vw, 188px\" \/><strong>Klappentext:<\/strong><br \/>\nMike hat alles verloren. Seine Frau Sabine und seine vierj\u00e4hrige Tochter Mia sind tot. Er f\u00fchlt sich schuldig an ihrem Tod, und es gibt keinen Grund mehr f\u00fcr ihn weiterzuleben. Doch bevor er seinem Leben ein Ende setzt, will er verstehen, warum sie sterben mussten. Er sucht die Antwort nicht im Glauben, sondern will die kosmischen Zusammenh\u00e4nge verstehen. Gibt es so etwas wie Zufall oder Schicksal, oder ist alles deterministisch vorherbestimmt? Auf der Suche droht er noch tiefer in die Krise zu geraten. Das Universum kennt kein Erbarmen und keine Moral.<\/p>\n<p style=\"text-align: left;\"><strong>Was die Leser erwartet:<\/strong>&nbsp; Astrophysik\/Kosmologie, verpackt in einer Rahmenhandlung.<\/p>\n<p style=\"text-align: left;\">&nbsp;<\/p>\n","protected":false},"excerpt":{"rendered":"<p>Klappentext: Mike hat alles verloren. Seine Frau Sabine und seine vierj\u00e4hrige Tochter Mia sind tot. Er f\u00fchlt sich schuldig an ihrem Tod, und es gibt keinen Grund mehr f\u00fcr ihn weiterzuleben. Doch bevor er seinem Leben ein Ende setzt, will er verstehen, warum sie sterben mussten. Er sucht die Antwort nicht im Glauben, sondern will &hellip; <a href=\"https:\/\/gerd-kramer.com\/wordpress\/wenn-der-schmetterling-mit-den-fluegeln-schlaegt\/\" class=\"more-link\"><span class=\"screen-reader-text\">Wenn der Schmetterling mit den Fl\u00fcgeln schl\u00e4gt<\/span> weiterlesen <span class=\"meta-nav\">&rarr;<\/span><\/a><\/p>\n","protected":false},"author":1,"featured_media":0,"parent":0,"menu_order":0,"comment_status":"closed","ping_status":"closed","template":"","meta":{"ngg_post_thumbnail":0},"yoast_head":"<!-- This site is optimized with the Yoast SEO plugin v15.9.2 - https:\/\/yoast.com\/wordpress\/plugins\/seo\/ -->\n<meta name=\"robots\" content=\"index, follow, max-snippet:-1, max-image-preview:large, max-video-preview:-1\" \/>\n<link rel=\"canonical\" href=\"https:\/\/gerd-kramer.com\/wordpress\/wenn-der-schmetterling-mit-den-fluegeln-schlaegt\/\" \/>\n<meta property=\"og:locale\" content=\"de_DE\" \/>\n<meta property=\"og:type\" content=\"article\" \/>\n<meta property=\"og:title\" content=\"Wenn der Schmetterling mit den Fl\u00fcgeln schl\u00e4gt - Gerd Kramer\" \/>\n<meta property=\"og:description\" content=\"Klappentext: Mike hat alles verloren. Seine Frau Sabine und seine vierj\u00e4hrige Tochter Mia sind tot. Er f\u00fchlt sich schuldig an ihrem Tod, und es gibt keinen Grund mehr f\u00fcr ihn weiterzuleben. Doch bevor er seinem Leben ein Ende setzt, will er verstehen, warum sie sterben mussten. Er sucht die Antwort nicht im Glauben, sondern will &hellip; Wenn der Schmetterling mit den Fl\u00fcgeln schl\u00e4gt weiterlesen &rarr;\" \/>\n<meta property=\"og:url\" content=\"https:\/\/gerd-kramer.com\/wordpress\/wenn-der-schmetterling-mit-den-fluegeln-schlaegt\/\" \/>\n<meta property=\"og:site_name\" content=\"Gerd Kramer\" \/>\n<meta property=\"article:modified_time\" content=\"2020-11-26T13:43:46+00:00\" \/>\n<meta property=\"og:image\" content=\"https:\/\/gerd-kramer.com\/wordpress\/wp-content\/uploads\/2014\/08\/CoverSchmetterlingKlein-188x300.jpg\" \/>\n<meta name=\"twitter:card\" content=\"summary_large_image\" \/>\n<meta name=\"twitter:label1\" content=\"Gesch\u00e4tzte Lesezeit\">\n\t<meta name=\"twitter:data1\" content=\"1 Minute\">\n<script type=\"application\/ld+json\" class=\"yoast-schema-graph\">{\"@context\":\"https:\/\/schema.org\",\"@graph\":[{\"@type\":\"WebSite\",\"@id\":\"https:\/\/gerd-kramer.com\/wordpress\/#website\",\"url\":\"https:\/\/gerd-kramer.com\/wordpress\/\",\"name\":\"Gerd Kramer\",\"description\":\"Autor\",\"potentialAction\":[{\"@type\":\"SearchAction\",\"target\":\"https:\/\/gerd-kramer.com\/wordpress\/?s={search_term_string}\",\"query-input\":\"required name=search_term_string\"}],\"inLanguage\":\"de-DE\"},{\"@type\":\"ImageObject\",\"@id\":\"https:\/\/gerd-kramer.com\/wordpress\/wenn-der-schmetterling-mit-den-fluegeln-schlaegt\/#primaryimage\",\"inLanguage\":\"de-DE\",\"url\":\"https:\/\/gerd-kramer.com\/wordpress\/wp-content\/uploads\/2014\/08\/CoverSchmetterlingKlein.jpg\",\"width\":314,\"height\":500},{\"@type\":\"WebPage\",\"@id\":\"https:\/\/gerd-kramer.com\/wordpress\/wenn-der-schmetterling-mit-den-fluegeln-schlaegt\/#webpage\",\"url\":\"https:\/\/gerd-kramer.com\/wordpress\/wenn-der-schmetterling-mit-den-fluegeln-schlaegt\/\",\"name\":\"Wenn der Schmetterling mit den Fl\\u00fcgeln schl\\u00e4gt - Gerd Kramer\",\"isPartOf\":{\"@id\":\"https:\/\/gerd-kramer.com\/wordpress\/#website\"},\"primaryImageOfPage\":{\"@id\":\"https:\/\/gerd-kramer.com\/wordpress\/wenn-der-schmetterling-mit-den-fluegeln-schlaegt\/#primaryimage\"},\"datePublished\":\"2017-08-30T09:14:21+00:00\",\"dateModified\":\"2020-11-26T13:43:46+00:00\",\"breadcrumb\":{\"@id\":\"https:\/\/gerd-kramer.com\/wordpress\/wenn-der-schmetterling-mit-den-fluegeln-schlaegt\/#breadcrumb\"},\"inLanguage\":\"de-DE\",\"potentialAction\":[{\"@type\":\"ReadAction\",\"target\":[\"https:\/\/gerd-kramer.com\/wordpress\/wenn-der-schmetterling-mit-den-fluegeln-schlaegt\/\"]}]},{\"@type\":\"BreadcrumbList\",\"@id\":\"https:\/\/gerd-kramer.com\/wordpress\/wenn-der-schmetterling-mit-den-fluegeln-schlaegt\/#breadcrumb\",\"itemListElement\":[{\"@type\":\"ListItem\",\"position\":1,\"item\":{\"@type\":\"WebPage\",\"@id\":\"https:\/\/gerd-kramer.com\/wordpress\/\",\"url\":\"https:\/\/gerd-kramer.com\/wordpress\/\",\"name\":\"Home\"}},{\"@type\":\"ListItem\",\"position\":2,\"item\":{\"@type\":\"WebPage\",\"@id\":\"https:\/\/gerd-kramer.com\/wordpress\/wenn-der-schmetterling-mit-den-fluegeln-schlaegt\/\",\"url\":\"https:\/\/gerd-kramer.com\/wordpress\/wenn-der-schmetterling-mit-den-fluegeln-schlaegt\/\",\"name\":\"Wenn der Schmetterling mit den Fl\\u00fcgeln schl\\u00e4gt\"}}]}]}<\/script>\n<!-- \/ Yoast SEO plugin. -->","_links":{"self":[{"href":"https:\/\/gerd-kramer.com\/wordpress\/wp-json\/wp\/v2\/pages\/1566"}],"collection":[{"href":"https:\/\/gerd-kramer.com\/wordpress\/wp-json\/wp\/v2\/pages"}],"about":[{"href":"https:\/\/gerd-kramer.com\/wordpress\/wp-json\/wp\/v2\/types\/page"}],"author":[{"embeddable":true,"href":"https:\/\/gerd-kramer.com\/wordpress\/wp-json\/wp\/v2\/users\/1"}],"replies":[{"embeddable":true,"href":"https:\/\/gerd-kramer.com\/wordpress\/wp-json\/wp\/v2\/comments?post=1566"}],"version-history":[{"count":1,"href":"https:\/\/gerd-kramer.com\/wordpress\/wp-json\/wp\/v2\/pages\/1566\/revisions"}],"predecessor-version":[{"id":2123,"href":"https:\/\/gerd-kramer.com\/wordpress\/wp-json\/wp\/v2\/pages\/1566\/revisions\/2123"}],"wp:attachment":[{"href":"https:\/\/gerd-kramer.com\/wordpress\/wp-json\/wp\/v2\/media?parent=1566"}],"curies":[{"name":"wp","href":"https:\/\/api.w.org\/{rel}","templated":true}]}}