{"id":1172,"date":"2015-04-19T17:27:07","date_gmt":"2015-04-19T17:27:07","guid":{"rendered":"https:\/\/gerd-kramer.com\/?page_id=1172"},"modified":"2015-04-19T17:27:07","modified_gmt":"2015-04-19T17:27:07","slug":"einladung-an-die-erde","status":"publish","type":"page","link":"https:\/\/gerd-kramer.com\/wordpress\/einladung-an-die-erde\/","title":{"rendered":"Einladung an die Erde"},"content":{"rendered":"<p><a href=\"https:\/\/gerd-kramer.com\/wordpress\/wp-content\/uploads\/2014\/08\/CoverMitRand_Einladung-1.jpg\"><img loading=\"lazy\" class=\" size-medium wp-image-1169 alignleft\" src=\"https:\/\/gerd-kramer.com\/wordpress\/wp-content\/uploads\/2014\/08\/CoverMitRand_Einladung-1-216x300.jpg\" alt=\"CoverMitRand_Einladung\" width=\"216\" height=\"300\" srcset=\"https:\/\/gerd-kramer.com\/wordpress\/wp-content\/uploads\/2014\/08\/CoverMitRand_Einladung-1-216x300.jpg 216w, https:\/\/gerd-kramer.com\/wordpress\/wp-content\/uploads\/2014\/08\/CoverMitRand_Einladung-1.jpg 238w\" sizes=\"(max-width: 216px) 100vw, 216px\" \/><\/a><strong>Klappentext:<\/strong> Die Nachricht einer fremden Zivilisation gelangt auf ungew\u00f6hnliche Weise zur Erde. Die Au\u00dferirdischen nutzen ihre Sonne als Sender. Dem Hobby-Astronomen Oliver Gersten und dem Physikstudenten Steffen Oster gelingt es, das Signal zu entschl\u00fcsseln.<\/p>\n<p>Nach und nach erkennen sie die Tragweite ihrer Entdeckung. Als mysteri\u00f6se Ereignisse folgen, zweifeln sie an ihrem Verstand. Doch es gibt eine Erkl\u00e4rung, die au\u00dferhalb jeglicher Vorstellungskraft liegt. Sie erhalten die M\u00f6glichkeit, an einem Vorhaben teilzunehmen, das vor 45000 Jahren auf einem fernen Planeten seinen Anfang nahm.<\/p>\n<p><strong>Was die Leser erwartet:<br \/>\n<\/strong> Science-Fiction auf Basis physikalischer Gesetzm\u00e4\u00dfigkeiten. Prim\u00e4r geht es im Buch um spannende Unterhaltung.\u00a0 Einige physikalische Grundbegriffe sind in einem Anhang erkl\u00e4rt. Handlungsorte sind die Erde sowie Planeten eines Doppelsternsystems.<\/p>\n<p><a href=\"https:\/\/gerd-kramer.com\/wp-content\/uploads\/2015\/04\/Skizze-1.png\"><img loading=\"lazy\" class=\" size-medium wp-image-1182 alignleft\" src=\"https:\/\/gerd-kramer.com\/wp-content\/uploads\/2015\/04\/Skizze-1-300x225.png\" alt=\"Skizze\" width=\"300\" height=\"225\" \/><\/a><\/p>\n<p>&nbsp;<\/p>\n","protected":false},"excerpt":{"rendered":"<p>Klappentext: Die Nachricht einer fremden Zivilisation gelangt auf ungew\u00f6hnliche Weise zur Erde. Die Au\u00dferirdischen nutzen ihre Sonne als Sender. Dem Hobby-Astronomen Oliver Gersten und dem Physikstudenten Steffen Oster gelingt es, das Signal zu entschl\u00fcsseln. Nach und nach erkennen sie die Tragweite ihrer Entdeckung. Als mysteri\u00f6se Ereignisse folgen, zweifeln sie an ihrem Verstand. Doch es gibt &hellip; <a href=\"https:\/\/gerd-kramer.com\/wordpress\/einladung-an-die-erde\/\" class=\"more-link\"><span class=\"screen-reader-text\">Einladung an die Erde<\/span> weiterlesen <span class=\"meta-nav\">&rarr;<\/span><\/a><\/p>\n","protected":false},"author":1,"featured_media":0,"parent":0,"menu_order":0,"comment_status":"open","ping_status":"open","template":"","meta":{"ngg_post_thumbnail":0},"yoast_head":"<!-- This site is optimized with the Yoast SEO plugin v15.9.2 - https:\/\/yoast.com\/wordpress\/plugins\/seo\/ -->\n<meta name=\"robots\" content=\"index, follow, max-snippet:-1, max-image-preview:large, max-video-preview:-1\" \/>\n<link rel=\"canonical\" href=\"https:\/\/gerd-kramer.com\/wordpress\/einladung-an-die-erde\/\" \/>\n<meta property=\"og:locale\" content=\"de_DE\" \/>\n<meta property=\"og:type\" content=\"article\" \/>\n<meta property=\"og:title\" content=\"Einladung an die Erde - Gerd Kramer\" \/>\n<meta property=\"og:description\" content=\"Klappentext: Die Nachricht einer fremden Zivilisation gelangt auf ungew\u00f6hnliche Weise zur Erde. Die Au\u00dferirdischen nutzen ihre Sonne als Sender. Dem Hobby-Astronomen Oliver Gersten und dem Physikstudenten Steffen Oster gelingt es, das Signal zu entschl\u00fcsseln. Nach und nach erkennen sie die Tragweite ihrer Entdeckung. Als mysteri\u00f6se Ereignisse folgen, zweifeln sie an ihrem Verstand. Doch es gibt &hellip; Einladung an die Erde weiterlesen &rarr;\" \/>\n<meta property=\"og:url\" content=\"https:\/\/gerd-kramer.com\/wordpress\/einladung-an-die-erde\/\" \/>\n<meta property=\"og:site_name\" content=\"Gerd Kramer\" \/>\n<meta property=\"og:image\" content=\"https:\/\/gerd-kramer.com\/wordpress\/wp-content\/uploads\/2014\/08\/CoverMitRand_Einladung-1-216x300.jpg\" \/>\n<meta name=\"twitter:card\" content=\"summary_large_image\" \/>\n<meta name=\"twitter:label1\" content=\"Gesch\u00e4tzte Lesezeit\">\n\t<meta name=\"twitter:data1\" content=\"1 Minute\">\n<script type=\"application\/ld+json\" class=\"yoast-schema-graph\">{\"@context\":\"https:\/\/schema.org\",\"@graph\":[{\"@type\":\"WebSite\",\"@id\":\"https:\/\/gerd-kramer.com\/wordpress\/#website\",\"url\":\"https:\/\/gerd-kramer.com\/wordpress\/\",\"name\":\"Gerd Kramer\",\"description\":\"Autor\",\"potentialAction\":[{\"@type\":\"SearchAction\",\"target\":\"https:\/\/gerd-kramer.com\/wordpress\/?s={search_term_string}\",\"query-input\":\"required name=search_term_string\"}],\"inLanguage\":\"de-DE\"},{\"@type\":\"ImageObject\",\"@id\":\"https:\/\/gerd-kramer.com\/wordpress\/einladung-an-die-erde\/#primaryimage\",\"inLanguage\":\"de-DE\",\"url\":\"https:\/\/gerd-kramer.com\/wordpress\/wp-content\/uploads\/2014\/08\/CoverMitRand_Einladung-1.jpg\",\"width\":238,\"height\":330},{\"@type\":\"WebPage\",\"@id\":\"https:\/\/gerd-kramer.com\/wordpress\/einladung-an-die-erde\/#webpage\",\"url\":\"https:\/\/gerd-kramer.com\/wordpress\/einladung-an-die-erde\/\",\"name\":\"Einladung an die Erde - Gerd Kramer\",\"isPartOf\":{\"@id\":\"https:\/\/gerd-kramer.com\/wordpress\/#website\"},\"primaryImageOfPage\":{\"@id\":\"https:\/\/gerd-kramer.com\/wordpress\/einladung-an-die-erde\/#primaryimage\"},\"datePublished\":\"2015-04-19T17:27:07+00:00\",\"dateModified\":\"2015-04-19T17:27:07+00:00\",\"breadcrumb\":{\"@id\":\"https:\/\/gerd-kramer.com\/wordpress\/einladung-an-die-erde\/#breadcrumb\"},\"inLanguage\":\"de-DE\",\"potentialAction\":[{\"@type\":\"ReadAction\",\"target\":[\"https:\/\/gerd-kramer.com\/wordpress\/einladung-an-die-erde\/\"]}]},{\"@type\":\"BreadcrumbList\",\"@id\":\"https:\/\/gerd-kramer.com\/wordpress\/einladung-an-die-erde\/#breadcrumb\",\"itemListElement\":[{\"@type\":\"ListItem\",\"position\":1,\"item\":{\"@type\":\"WebPage\",\"@id\":\"https:\/\/gerd-kramer.com\/wordpress\/\",\"url\":\"https:\/\/gerd-kramer.com\/wordpress\/\",\"name\":\"Home\"}},{\"@type\":\"ListItem\",\"position\":2,\"item\":{\"@type\":\"WebPage\",\"@id\":\"https:\/\/gerd-kramer.com\/wordpress\/einladung-an-die-erde\/\",\"url\":\"https:\/\/gerd-kramer.com\/wordpress\/einladung-an-die-erde\/\",\"name\":\"Einladung an die Erde\"}}]}]}<\/script>\n<!-- \/ Yoast SEO plugin. -->","_links":{"self":[{"href":"https:\/\/gerd-kramer.com\/wordpress\/wp-json\/wp\/v2\/pages\/1172"}],"collection":[{"href":"https:\/\/gerd-kramer.com\/wordpress\/wp-json\/wp\/v2\/pages"}],"about":[{"href":"https:\/\/gerd-kramer.com\/wordpress\/wp-json\/wp\/v2\/types\/page"}],"author":[{"embeddable":true,"href":"https:\/\/gerd-kramer.com\/wordpress\/wp-json\/wp\/v2\/users\/1"}],"replies":[{"embeddable":true,"href":"https:\/\/gerd-kramer.com\/wordpress\/wp-json\/wp\/v2\/comments?post=1172"}],"version-history":[{"count":0,"href":"https:\/\/gerd-kramer.com\/wordpress\/wp-json\/wp\/v2\/pages\/1172\/revisions"}],"wp:attachment":[{"href":"https:\/\/gerd-kramer.com\/wordpress\/wp-json\/wp\/v2\/media?parent=1172"}],"curies":[{"name":"wp","href":"https:\/\/api.w.org\/{rel}","templated":true}]}}